{"version":"1.0","provider_name":"ASPACK NEWS","provider_url":"https:\/\/www.aspack.es\/news","title":"Jos\u00e9 Ram\u00f3n Benito elegido nuevo Presidente de ASPACK - ASPACK NEWS","type":"rich","width":600,"height":338,"html":"<blockquote class=\"wp-embedded-content\" data-secret=\"EQjbpLdxBc\"><a href=\"https:\/\/www.aspack.es\/news\/jose-ramon-benito-elegido-nuevo-presidente-de-aspack\/\">Jos\u00e9 Ram\u00f3n Benito elegido nuevo Presidente de ASPACK<\/a><\/blockquote><iframe sandbox=\"allow-scripts\" security=\"restricted\" src=\"https:\/\/www.aspack.es\/news\/jose-ramon-benito-elegido-nuevo-presidente-de-aspack\/embed\/#?secret=EQjbpLdxBc\" width=\"600\" height=\"338\" title=\"\u00abJos\u00e9 Ram\u00f3n Benito elegido nuevo Presidente de ASPACK\u00bb \u2014 ASPACK NEWS\" data-secret=\"EQjbpLdxBc\" frameborder=\"0\" marginwidth=\"0\" marginheight=\"0\" scrolling=\"no\" class=\"wp-embedded-content\"><\/iframe><script type=\"text\/javascript\">\n\/* <![CDATA[ *\/\n\/*! This file is auto-generated *\/\n!function(d,l){\"use strict\";l.querySelector&&d.addEventListener&&\"undefined\"!=typeof URL&&(d.wp=d.wp||{},d.wp.receiveEmbedMessage||(d.wp.receiveEmbedMessage=function(e){var t=e.data;if((t||t.secret||t.message||t.value)&&!\/[^a-zA-Z0-9]\/.test(t.secret)){for(var s,r,n,a=l.querySelectorAll('iframe[data-secret=\"'+t.secret+'\"]'),o=l.querySelectorAll('blockquote[data-secret=\"'+t.secret+'\"]'),c=new RegExp(\"^https?:$\",\"i\"),i=0;i<o.length;i++)o[i].style.display=\"none\";for(i=0;i<a.length;i++)s=a[i],e.source===s.contentWindow&&(s.removeAttribute(\"style\"),\"height\"===t.message?(1e3<(r=parseInt(t.value,10))?r=1e3:~~r<200&&(r=200),s.height=r):\"link\"===t.message&&(r=new URL(s.getAttribute(\"src\")),n=new URL(t.value),c.test(n.protocol))&&n.host===r.host&&l.activeElement===s&&(d.top.location.href=t.value))}},d.addEventListener(\"message\",d.wp.receiveEmbedMessage,!1),l.addEventListener(\"DOMContentLoaded\",function(){for(var e,t,s=l.querySelectorAll(\"iframe.wp-embedded-content\"),r=0;r<s.length;r++)(t=(e=s[r]).getAttribute(\"data-secret\"))||(t=Math.random().toString(36).substring(2,12),e.src+=\"#?secret=\"+t,e.setAttribute(\"data-secret\",t)),e.contentWindow.postMessage({message:\"ready\",secret:t},\"*\")},!1)))}(window,document);\n\/* ]]> *\/\n<\/script>\n","thumbnail_url":"http:\/\/www.aspack.es\/news\/wp-content\/uploads\/2020\/10\/Jose\u0301-Ramo\u0301n-Benito-Presidente-ASPACK.jpg","thumbnail_width":1500,"thumbnail_height":1082,"description":"Jos\u00e9 Ram\u00f3n Benito ha sido elegido nuevo presidente de la Asociaci\u00f3n Espa\u00f1ola de Fabricantes de Envases de Cart\u00f3n, ASPACK, para el periodo 2020-2024. As\u00ed lo ha ratificado la Asamblea General de la asociaci\u00f3n, reunida el jueves 22 de octubre de manera virtual, tras las elecciones para renovar la Junta Directiva. Desde hace m\u00e1s de 20&hellip;"}

José Ramón Benito elegido nuevo Presidente de ASPACK - ASPACK NEWS

<blockquote class="wp-embedded-content" data-secret="EQjbpLdxBc"><a href="https://www.aspack.es/news/jose-ramon-benito-elegido-nuevo-presidente-de-aspack/">José Ramón Benito elegido nuevo Presidente de ASPACK</a></blockquote><iframe sandbox="allow-scripts" security="restricted" src="https://www.aspack.es/news/jose-ramon-benito-elegido-nuevo-presidente-de-aspack/embed/#?secret=EQjbpLdxBc" width="600" height="338" title="«José Ramón Benito elegido nuevo Presidente de ASPACK» — ASPACK NEWS" data-secret="EQjbpLdxBc" frameborder="0" marginwidth="0" marginheight="0" scrolling="no" class="wp-embedded-content"></iframe><script type="text/javascript">
/* <![CDATA[ */
/*! This file is auto-generated */
!function(d,l){"use strict";l.querySelector&&d.addEventListener&&"undefined"!=typeof URL&&(d.wp=d.wp||{},d.wp.receiveEmbedMessage||(d.wp.receiveEmbedMessage=function(e){var t=e.data;if((t||t.secret||t.message||t.value)&&!/[^a-zA-Z0-9]/.test(t.secret)){for(var s,r,n,a=l.querySelectorAll('iframe[data-secret="'+t.secret+'"]'),o=l.querySelectorAll('blockquote[data-secret="'+t.secret+'"]'),c=new RegExp("^https?:$","i"),i=0;i<o.length;i++)o[i].style.display="none";for(i=0;i<a.length;i++)s=a[i],e.source===s.contentWindow&&(s.removeAttribute("style"),"height"===t.message?(1e3<(r=parseInt(t.value,10))?r=1e3:~~r<200&&(r=200),s.height=r):"link"===t.message&&(r=new URL(s.getAttribute("src")),n=new URL(t.value),c.test(n.protocol))&&n.host===r.host&&l.activeElement===s&&(d.top.location.href=t.value))}},d.addEventListener("message",d.wp.receiveEmbedMessage,!1),l.addEventListener("DOMContentLoaded",function(){for(var e,t,s=l.querySelectorAll("iframe.wp-embedded-content"),r=0;r<s.length;r++)(t=(e=s[r]).getAttribute("data-secret"))||(t=Math.random().toString(36).substring(2,12),e.src+="#?secret="+t,e.setAttribute("data-secret",t)),e.contentWindow.postMessage({message:"ready",secret:t},"*")},!1)))}(window,document);
/* ]]> */
</script>

José Ramón Benito ha sido elegido nuevo presidente de la Asociación Española de Fabricantes de Envases de Cartón, ASPACK, para el periodo 2020-2024. Así lo ha ratificado la Asamblea General de la asociación, reunida el jueves 22 de octubre de manera virtual, tras las elecciones para renovar la Junta Directiva. Desde hace más de 20&hellip;
